the tens digit of 90125?
2
What is the units digit of 419901?
1
What is the tens digit of 5006847?
4
What is the hundreds digit of 2102573?
5
What is the hundreds digit of 3096738?
7
What is the hundred thousands digit of 456990?
4
What is the ten thousands digit of 4562504?
6
What is the units digit of 404649?
9
What is the hundred thousands digit of 504788?
5
What is the hundred thousands digit of 1976314?
9
What is the hundreds digit of 61060?
0
What is the ten thousands digit of 2886436?
8
What is the hundreds digit of 2493831?
8
What is the tens digit of 876951?
5
What is the millions digit of 2966426?
2
What is the hundred thousands digit of 5773834?
7
What is the tens digit of 27679?
7
What is the hundred thousands digit of 2829710?
8
What is the thousands digit of 140012?
0
What is the tens digit of 177496?
9
What is the units digit of 159030?
0
What is the ten millions digit of 27789924?
2
What is the units digit of 425859?
9
What is the hundreds digit of 366078?
0
What is the hundreds digit of 2776658?
6
What is the hundreds digit of 740349?
3
What is the tens digit of 323753?
5
What is the units digit of 414797?
7
What is the hundred thousands digit of 11216686?
2
What is the hundreds digit of 42091?
0
What is the units digit of 15830274?
4
What is the thousands digit of 359950?
9
What is the thousands digit of 805024?
5
What is the hundred thousands digit of 574723?
5
What is the hundred thousands digit of 1545177?
5
What is the hundreds digit of 20734035?
0
What is the tens digit of 4431209?
0
What is the thousands digit of 32377629?
7
What is the thousands digit of 943956?
3
What is the millions digit of 5125223?
5
What is the tens digit of 4022652?
5
What is the thousands digit of 3436241?
6
What is the hundreds digit of 2560711?
7
What is the hundreds digit of 4505323?
3
What is the thousands digit of 1342956?
2
What is the hundreds digit of 2700775?
7
What is the units digit of 500875?
5
What is the hundred thousands digit of 215727?
2
What is the tens digit of 1157745?
4
What is the ten thousands digit of 1623547?
2
What is the thousands digit of 137009?
7
What is the units digit of 65307?
7
What is the tens digit of 7525640?
4
What is the thousands digit of 2328595?
8
What is the hundreds digit of 3003851?
8
What is the units digit of 18801742?
2
What is the tens digit of 103045?
4
What is the millions digit of 5245223?
5
What is the thousands digit of 134993?
4
What is the hundred thousands digit of 6325866?
3
What is the hundreds digit of 426157?
1
What is the units digit of 3032834?
4
What is the ten thousands digit of 433669?
3
What is the tens digit of 4957785?
8
What is the units digit of 286400?
0
What is the thousands digit of 11211922?
1
What is the ten thousands digit of 11472087?
7
What is the ten thousands digit of 380545?
8
What is the thousands digit of 12019643?
9
What is the hundreds digit of 52165?
1
What is the ten thousands digit of 10764343?
6
What is the hundreds digit of 6939041?
0
What is the ten thousands digit of 512097?
1
What is the units digit of 2460495?
5
What is the hundred thousands digit of 14175788?
1
What is the tens digit of 7969422?
2
What is the thousands digit of 5200518?
0
What is the units digit of 290443?
3
What is the tens digit of 32762487?
8
What is the ten thousands digit of 4674512?
7
What is the hundred thousands digit of 898106?
8
What is the ten thousands digit of 28662316?
6
What is the ten thousands digit of 263556?
6
What is the ten thousands digit of 2358104?
5
What is the ten thousands digit of 7946012?
4
What is the hundred thousands digit of 5858835?
8
What is the millions digit of 42496845?
2
What is the ten thousands digit of 341066?
4
What is the units digit of 9101464?
4
What is the tens digit of 9198976?
7
What is the hundred thousands digit of 1142632?
1
What is the units digit of 347690?
0
What is the units digit of 251208?
8
What is the hundred thousands digit of 407988?
4
What is the units digit of 757678?
8
What is the ten thousands digit of 2506006?
0
What is the ten thousands digit of 435967?
3
What is the thousands digit of 79337?
9
What is the thousands digit of 356005?
6
What is the ten millions digit of 21444420?
2
What is the thousands digit of 349870?
9
What is the hundred thousands digit of 557409?
5
What is the hundred thousands digit of 31699983?
6
What is the ten thousands digit of 671263?
7
What is the millions digit of 2980597?
2
What is the millions digit of 2000873?
2
What is the millions digit of 11086499?
1
What is the tens digit of 5539955?
5
What is the hundred thousands digit of 804904?
8
What is the hundreds digit of 543109?
1
What is the ten thousands digit of 1600164?
0
What is the thousands digit of 129978?
9
What is the hundreds digit of 1412174?
1
What is the tens digit of 4142794?
9
What is the ten thousands digit of 296728?
9
What is the ten thousands digit of 610635?
1
What is the units digit of 341543?
3
What is the ten thousands digit of 818106?
1
What is the millions digit of 3012166?
3
What is the units digit of 1716275?
5
What is the hundreds digit of 705979?
9
What is the ten thousands digit of 25812214?
1
What is the hundreds digit of 175657?
6
What is the millions digit of 13315800?
3
What is the ten thousands digit of 451089?
5
What is the units digit of 2916932?
2
What is the tens digit of 195291?
9
What is the tens digit of 223575?
7
What is the ten millions digit of 36618238?
3
What is the tens digit of 6334289?
8
What is the hundreds digit of 79533?
5
What is the hundred thousands digit of 26017392?
0
What is the hundred thousands digit of 23091080?
0
What is the ten millions digit of 17749352?
1
What is the tens digit of 2505122?
2
What is the units digit of 763718?
8
What is the hundred thousands digit of 154540?
1
What is the units digit of 1155734?
4
What is the tens digit of 721549?
4
What is the units digit of 382706?
6
What is the tens digit of 63776?
7
What is the millions digit of 12896279?
2
What is the hundred thousands digit of 298920?
2
What is the ten thousands digit of 38324544?
2
What is the ten thousands digit of 33126?
3
What is the tens digit of 63510?
1
What is the millions digit of 14957703?
4
What is the units digit of 240904?
4
What is the hundreds digit of 3944421?
4
What is the hundred thousands digit of 3216384?
2
What is the tens digit of 9823889?
8
What is the tens digit of 1194099?
9
What is the hundreds digit of 16309?
3
What is the thousands digit of 22453306?
3
What is the hundreds digit of 61965?
9
What is the hundred thousands digit of 5771320?
7
What is the hundreds digit of 28970936?
9
What is the hundred thousands digit of 7834139?
8
What is the units digit of 375293?
3
What is the tens digit of 11892916?
1
What is the hundreds digit of 284699?
6
What is the tens digit of 3680710?
1
What is the millions digit of 1724118?
1
What is the millions digit of 5053820?
5
What is the thousands digit of 8609324?
9
What is the hundreds digit of 594739?
7
What is the hundreds digit of 7107068?
0
What is the thousands digit of 756966?
6
What is the millions digit of 20236004?
0
What is the ten thousands digit of 12818181?
1
What is the units digit of 1736681?
1
What is the thousands digit of 5944299?
4
What is the units digit of 765551?
1
What is the ten thousands digit of 1262148?
6
What is the hundreds digit of 7008529?
5
What is the ten thousands digit of 4481130?
8
What is the hundred thousands digit of 2350789?
3
What is the tens digit of 389766?
6
What is the units digit of 32527086?
6
What is the tens digit of 15923713?
1
What is the ten thousands digit of 9577575?
7
What is the hundreds digit of 4776170?
1
What is the units digit of 125572?
2
What is the ten millions digit of 15738890?
1
What is the millions digit of 3003764?
3
What is the units digit of 42177?
7
What is the thousands digit of 5033?
5
What is the hundred thousands digit of 465650?
4
What is the hundred thousands digit of 19346693?
3
What is the hundreds digit of 11750785?
7
What is the thousands digit of 4321782?
1
What is the tens digit of 701664?
6
What is the tens digit of 874889?
8
What is the units digit of 46501?
1
What is the ten thousands digit of 38034?
3
What is the hundreds digit of 12527071?
0
What is 